{"id":84,"date":"2023-10-02T15:46:34","date_gmt":"2023-10-02T13:46:34","guid":{"rendered":"http:\/\/lesybubna.cz\/?page_id=84"},"modified":"2023-10-02T16:11:18","modified_gmt":"2023-10-02T14:11:18","slug":"myslivost","status":"publish","type":"page","link":"http:\/\/lesybubna.cz\/?page_id=84","title":{"rendered":"MYSLIVOST"},"content":{"rendered":"\n<p>Na plo\u0161e 2500 ha provozujeme vlastn\u00ed lesn\u00ed honitbu. Hlavn\u00edmi druhy chovan\u00fdmi ve voln\u00e9 honitb\u011b je srn\u010d\u00ed, dan\u010d\u00ed a \u010dern\u00e1 zv\u011b\u0159. Provozujeme vlastn\u00ed bour\u00e1rnu a chlad\u00edc\u00ed za\u0159\u00edzen\u00ed na zv\u011b\u0159inu. Ve\u0161ker\u00e1 zv\u011b\u0159ina je veterin\u00e1rn\u011b vy\u0161et\u0159ena. Nab\u00edz\u00edme mo\u017enost n\u00e1kupu zv\u011b\u0159iny.<\/p>\n","protected":false},"excerpt":{"rendered":"<p>Na plo\u0161e 2500 ha provozujeme vlastn\u00ed lesn\u00ed honitbu. Hlavn\u00edmi druhy chovan\u00fdmi ve voln\u00e9 honitb\u011b je srn\u010d\u00ed, dan\u010d\u00ed a \u010dern\u00e1 zv\u011b\u0159. Provozujeme vlastn\u00ed bour\u00e1rnu a chlad\u00edc\u00ed za\u0159\u00edzen\u00ed na zv\u011b\u0159inu. Ve\u0161ker\u00e1 zv\u011b\u0159ina je veterin\u00e1rn\u011b vy\u0161et\u0159ena. Nab\u00edz\u00edme mo\u017enost n\u00e1kupu zv\u011b\u0159iny.<\/p>\n","protected":false},"author":1,"featured_media":0,"parent":0,"menu_order":0,"comment_status":"closed","ping_status":"closed","template":"","meta":{"_monsterinsights_skip_tracking":false,"_monsterinsights_sitenote_active":false,"_monsterinsights_sitenote_note":"","_monsterinsights_sitenote_category":0,"footnotes":""},"yoast_head":"<!-- This site is optimized with the Yoast SEO plugin v22.0 - https:\/\/yoast.com\/wordpress\/plugins\/seo\/ -->\n<title>MYSLIVOST - LesyBubna<\/title>\n<meta name=\"robots\" content=\"index, follow, max-snippet:-1, max-image-preview:large, max-video-preview:-1\" \/>\n<link rel=\"canonical\" href=\"http:\/\/lesybubna.cz\/?page_id=84\" \/>\n<meta property=\"og:locale\" content=\"cs_CZ\" \/>\n<meta property=\"og:type\" content=\"article\" \/>\n<meta property=\"og:title\" content=\"MYSLIVOST - LesyBubna\" \/>\n<meta property=\"og:description\" content=\"Na plo\u0161e 2500 ha provozujeme vlastn\u00ed lesn\u00ed honitbu. Hlavn\u00edmi druhy chovan\u00fdmi ve voln\u00e9 honitb\u011b je srn\u010d\u00ed, dan\u010d\u00ed a \u010dern\u00e1 zv\u011b\u0159. Provozujeme vlastn\u00ed bour\u00e1rnu a chlad\u00edc\u00ed za\u0159\u00edzen\u00ed na zv\u011b\u0159inu. Ve\u0161ker\u00e1 zv\u011b\u0159ina je veterin\u00e1rn\u011b vy\u0161et\u0159ena. Nab\u00edz\u00edme mo\u017enost n\u00e1kupu zv\u011b\u0159iny.\" \/>\n<meta property=\"og:url\" content=\"http:\/\/lesybubna.cz\/?page_id=84\" \/>\n<meta property=\"og:site_name\" content=\"LesyBubna\" \/>\n<meta property=\"article:modified_time\" content=\"2023-10-02T14:11:18+00:00\" \/>\n<meta name=\"twitter:card\" content=\"summary_large_image\" \/>\n<meta name=\"twitter:label1\" content=\"Odhadovan\u00e1 doba \u010dten\u00ed\" \/>\n\t<meta name=\"twitter:data1\" content=\"1 minuta\" \/>\n<script type=\"application\/ld+json\" class=\"yoast-schema-graph\">{\"@context\":\"https:\/\/schema.org\",\"@graph\":[{\"@type\":\"WebPage\",\"@id\":\"http:\/\/lesybubna.cz\/?page_id=84\",\"url\":\"http:\/\/lesybubna.cz\/?page_id=84\",\"name\":\"MYSLIVOST - LesyBubna\",\"isPartOf\":{\"@id\":\"http:\/\/lesybubna.cz\/#website\"},\"datePublished\":\"2023-10-02T13:46:34+00:00\",\"dateModified\":\"2023-10-02T14:11:18+00:00\",\"breadcrumb\":{\"@id\":\"http:\/\/lesybubna.cz\/?page_id=84#breadcrumb\"},\"inLanguage\":\"cs\",\"potentialAction\":[{\"@type\":\"ReadAction\",\"target\":[\"http:\/\/lesybubna.cz\/?page_id=84\"]}]},{\"@type\":\"BreadcrumbList\",\"@id\":\"http:\/\/lesybubna.cz\/?page_id=84#breadcrumb\",\"itemListElement\":[{\"@type\":\"ListItem\",\"position\":1,\"name\":\"Home\",\"item\":\"http:\/\/lesybubna.cz\/\"},{\"@type\":\"ListItem\",\"position\":2,\"name\":\"MYSLIVOST\"}]},{\"@type\":\"WebSite\",\"@id\":\"http:\/\/lesybubna.cz\/#website\",\"url\":\"http:\/\/lesybubna.cz\/\",\"name\":\"LesyBubna\",\"description\":\"\",\"potentialAction\":[{\"@type\":\"SearchAction\",\"target\":{\"@type\":\"EntryPoint\",\"urlTemplate\":\"http:\/\/lesybubna.cz\/?s={search_term_string}\"},\"query-input\":\"required name=search_term_string\"}],\"inLanguage\":\"cs\"}]}<\/script>\n<!-- \/ Yoast SEO plugin. -->","yoast_head_json":{"title":"MYSLIVOST - LesyBubna","robots":{"index":"index","follow":"follow","max-snippet":"max-snippet:-1","max-image-preview":"max-image-preview:large","max-video-preview":"max-video-preview:-1"},"canonical":"http:\/\/lesybubna.cz\/?page_id=84","og_locale":"cs_CZ","og_type":"article","og_title":"MYSLIVOST - LesyBubna","og_description":"Na plo\u0161e 2500 ha provozujeme vlastn\u00ed lesn\u00ed honitbu. Hlavn\u00edmi druhy chovan\u00fdmi ve voln\u00e9 honitb\u011b je srn\u010d\u00ed, dan\u010d\u00ed a \u010dern\u00e1 zv\u011b\u0159. Provozujeme vlastn\u00ed bour\u00e1rnu a chlad\u00edc\u00ed za\u0159\u00edzen\u00ed na zv\u011b\u0159inu. Ve\u0161ker\u00e1 zv\u011b\u0159ina je veterin\u00e1rn\u011b vy\u0161et\u0159ena. Nab\u00edz\u00edme mo\u017enost n\u00e1kupu zv\u011b\u0159iny.","og_url":"http:\/\/lesybubna.cz\/?page_id=84","og_site_name":"LesyBubna","article_modified_time":"2023-10-02T14:11:18+00:00","twitter_card":"summary_large_image","twitter_misc":{"Odhadovan\u00e1 doba \u010dten\u00ed":"1 minuta"},"schema":{"@context":"https:\/\/schema.org","@graph":[{"@type":"WebPage","@id":"http:\/\/lesybubna.cz\/?page_id=84","url":"http:\/\/lesybubna.cz\/?page_id=84","name":"MYSLIVOST - LesyBubna","isPartOf":{"@id":"http:\/\/lesybubna.cz\/#website"},"datePublished":"2023-10-02T13:46:34+00:00","dateModified":"2023-10-02T14:11:18+00:00","breadcrumb":{"@id":"http:\/\/lesybubna.cz\/?page_id=84#breadcrumb"},"inLanguage":"cs","potentialAction":[{"@type":"ReadAction","target":["http:\/\/lesybubna.cz\/?page_id=84"]}]},{"@type":"BreadcrumbList","@id":"http:\/\/lesybubna.cz\/?page_id=84#breadcrumb","itemListElement":[{"@type":"ListItem","position":1,"name":"Home","item":"http:\/\/lesybubna.cz\/"},{"@type":"ListItem","position":2,"name":"MYSLIVOST"}]},{"@type":"WebSite","@id":"http:\/\/lesybubna.cz\/#website","url":"http:\/\/lesybubna.cz\/","name":"LesyBubna","description":"","potentialAction":[{"@type":"SearchAction","target":{"@type":"EntryPoint","urlTemplate":"http:\/\/lesybubna.cz\/?s={search_term_string}"},"query-input":"required name=search_term_string"}],"inLanguage":"cs"}]}},"_links":{"self":[{"href":"http:\/\/lesybubna.cz\/index.php?rest_route=\/wp\/v2\/pages\/84"}],"collection":[{"href":"http:\/\/lesybubna.cz\/index.php?rest_route=\/wp\/v2\/pages"}],"about":[{"href":"http:\/\/lesybubna.cz\/index.php?rest_route=\/wp\/v2\/types\/page"}],"author":[{"embeddable":true,"href":"http:\/\/lesybubna.cz\/index.php?rest_route=\/wp\/v2\/users\/1"}],"replies":[{"embeddable":true,"href":"http:\/\/lesybubna.cz\/index.php?rest_route=%2Fwp%2Fv2%2Fcomments&post=84"}],"version-history":[{"count":2,"href":"http:\/\/lesybubna.cz\/index.php?rest_route=\/wp\/v2\/pages\/84\/revisions"}],"predecessor-version":[{"id":87,"href":"http:\/\/lesybubna.cz\/index.php?rest_route=\/wp\/v2\/pages\/84\/revisions\/87"}],"wp:attachment":[{"href":"http:\/\/lesybubna.cz\/index.php?rest_route=%2Fwp%2Fv2%2Fmedia&parent=84"}],"curies":[{"name":"wp","href":"https:\/\/api.w.org\/{rel}","templated":true}]}}