{"id":39,"date":"2023-07-11T17:46:43","date_gmt":"2023-07-11T15:46:43","guid":{"rendered":"http:\/\/lesybubna.cz\/?page_id=39"},"modified":"2024-05-03T11:23:03","modified_gmt":"2024-05-03T09:23:03","slug":"lesni-sprava-bubna-a-s","status":"publish","type":"page","link":"http:\/\/lesybubna.cz\/","title":{"rendered":"Lesn\u00ed spr\u00e1va Bubna, a.s."},"content":{"rendered":"\n<blockquote class=\"wp-block-quote is-style-default has-medium-font-size\">\n<p><\/p>\n<cite>Na\u0161im c\u00edlem je m\u00edt trvale udr\u017eiteln\u00e9 lesn\u00ed hospod\u00e1\u0159stv\u00ed, kter\u00e9 je ekonomicky \u017eivotaschopn\u00e9, ale taky environment\u00e1ln\u011b vhodn\u00e9 a soci\u00e1ln\u011b prosp\u011b\u0161n\u00e9, aby tu les byl jak pro n\u00e1s, tak i pro&nbsp;budouc\u00ed generace.<\/cite><\/blockquote>\n\n\n\n<p><\/p>\n\n\n\n<p>Spole\u010dnost Lesn\u00ed spr\u00e1va Bubna, a.s. byla zalo\u017eena roku 2012 k zaji\u0161t\u011bn\u00ed spr\u00e1vy restituovan\u00e9ho lesn\u00edho majetku rodiny Bubna-Litic. Dne\u0161n\u00ed podoba spr\u00e1vy lesa se vyv\u00edj\u00ed od roku 1993, kdy sourozenci Adam V\u00edt Bubna-Litic a Eleonora Dujkov\u00e1, potomci p\u016fvodn\u00edch majitel\u016f Mikul\u00e1\u0161e a Michaela Bubna-Litic, restituovali rodinn\u00e9 majetky v Doudleb\u00e1ch nad Orlic\u00ed a na Horn\u00edm a Doln\u00edm Jelen\u00ed. <\/p>\n\n\n\n<p>Hlavn\u00edm p\u0159edm\u011btem \u010dinnosti spole\u010dnosti je spr\u00e1va lesn\u00edho majetku a s t\u00edm spojen\u00e9 \u010dinnosti podnik\u00e1n\u00ed v lesn\u00edm hospod\u00e1\u0159stv\u00ed, d\u0159eva\u0159sk\u00e9m pr\u016fmyslu a myslivosti. V sou\u010dasnosti spole\u010dnost obhospoda\u0159uje lesn\u00ed porosty, kde je v nejv\u00fdznamn\u011bj\u0161\u00ed m\u00ed\u0159e zastoupen smrk a borovice. Vzhledem k m\u011bn\u00edc\u00edm se klimatick\u00fdm podm\u00ednk\u00e1m usilujeme dlouhodob\u011b o zv\u00fd\u0161en\u00ed ekologick\u00e9 stability postupnou p\u0159em\u011bnou smrkov\u00fdch porost\u016f na porosty s\u00a0pest\u0159ej\u0161\u00ed druhovou skladbou. Pe\u010dliv\u011b vyb\u00edr\u00e1me druh i kvalitu sazenic s respektem k p\u0159\u00edrodn\u00edm podm\u00ednk\u00e1m. V\u010dasnou a kvalitn\u00ed v\u00fdchovou porost\u016f do 40 let v\u011bku spolu s vytv\u00e1\u0159en\u00edm syst\u00e9mu zadr\u017eov\u00e1n\u00ed vody v krajin\u011b, usilujeme o vytvo\u0159en\u00ed odoln\u011bj\u0161\u00edch lesn\u00edch porost\u016f k zaji\u0161t\u011bn\u00ed nejen environment\u00e1ln\u00ed funkce lesa, ale i trval\u00e9 ekonomick\u00e9 prosperity lesn\u00edho majetku.<\/p>\n\n\n<p>O kvalitu lesa i proveden\u00fdch prac\u00ed se star\u00e1 kvalifikovan\u00fd person\u00e1l. Spr\u00e1vcem<br \/>lesn\u00edho majetku je Pavel Rolc a za \u0159\u00e1dn\u00e9 pln\u011bn\u00ed LHP odpov\u00edd\u00e1 v roli odborn\u00e9ho<br \/>lesn\u00edho hospod\u00e1\u0159e Iva Cvrkalov\u00e1.<\/p>\n<p><!-- \/wp:paragraph --><!-- wp:paragraph --><\/p>\n<p><!-- wp:paragraph --><\/p>\n<p>V\u00edce o rodin\u011b Bubna-Litic naleznete nap\u0159\u00edklad zde: <a href=\"https:\/\/www.historickaslechta.cz\/prehled-rodu\/bubna-litic\/\">https:\/\/www.historickaslechta.cz\/prehled-rodu\/bubna-litic\/<\/a> a <a href=\"https:\/\/www.historickaslechta.cz\/audio-video\/bubnove-z-litic-na-obrazovce-ct\/\">https:\/\/www.historickaslechta.cz\/audio-video\/bubnove-z-litic-na-obrazovce-ct\/<\/a>, pop\u0159\u00edpad\u011b <a href=\"https:\/\/cs.wikipedia.org\/wiki\/Bubnov%C3%A9_z_Litic\">https:\/\/cs.wikipedia.org\/wiki\/Bubnov%C3%A9_z_Litic<\/a><\/p>\n<p><!-- \/wp:paragraph --><\/p>\n<p><!-- wp:paragraph --><\/p>\n<p><!-- \/wp:paragraph --><\/p>","protected":false},"excerpt":{"rendered":"<p>Na\u0161im c\u00edlem je m\u00edt trvale udr\u017eiteln\u00e9 lesn\u00ed hospod\u00e1\u0159stv\u00ed, kter\u00e9 je ekonomicky \u017eivotaschopn\u00e9, ale taky environment\u00e1ln\u011b vhodn\u00e9 a soci\u00e1ln\u011b prosp\u011b\u0161n\u00e9, aby tu les byl jak pro n\u00e1s, tak i pro&nbsp;budouc\u00ed generace. Spole\u010dnost Lesn\u00ed spr\u00e1va Bubna, a.s. byla zalo\u017eena roku 2012 k zaji\u0161t\u011bn\u00ed spr\u00e1vy restituovan\u00e9ho lesn\u00edho majetku rodiny Bubna-Litic. Dne\u0161n\u00ed podoba spr\u00e1vy lesa se vyv\u00edj\u00ed od roku [&hellip;]<\/p>\n","protected":false},"author":1,"featured_media":0,"parent":0,"menu_order":0,"comment_status":"closed","ping_status":"closed","template":"","meta":{"_monsterinsights_skip_tracking":false,"_monsterinsights_sitenote_active":false,"_monsterinsights_sitenote_note":"","_monsterinsights_sitenote_category":0,"footnotes":""},"yoast_head":"<!-- This site is optimized with the Yoast SEO plugin v22.0 - https:\/\/yoast.com\/wordpress\/plugins\/seo\/ -->\n<title>Lesn\u00ed spr\u00e1va Bubna, a.s. - LesyBubna<\/title>\n<meta name=\"robots\" content=\"index, follow, max-snippet:-1, max-image-preview:large, max-video-preview:-1\" \/>\n<link rel=\"canonical\" href=\"http:\/\/lesybubna.cz\/\" \/>\n<meta property=\"og:locale\" content=\"cs_CZ\" \/>\n<meta property=\"og:type\" content=\"article\" \/>\n<meta property=\"og:title\" content=\"Lesn\u00ed spr\u00e1va Bubna, a.s. - LesyBubna\" \/>\n<meta property=\"og:description\" content=\"Na\u0161im c\u00edlem je m\u00edt trvale udr\u017eiteln\u00e9 lesn\u00ed hospod\u00e1\u0159stv\u00ed, kter\u00e9 je ekonomicky \u017eivotaschopn\u00e9, ale taky environment\u00e1ln\u011b vhodn\u00e9 a soci\u00e1ln\u011b prosp\u011b\u0161n\u00e9, aby tu les byl jak pro n\u00e1s, tak i pro&nbsp;budouc\u00ed generace. Spole\u010dnost Lesn\u00ed spr\u00e1va Bubna, a.s. byla zalo\u017eena roku 2012 k zaji\u0161t\u011bn\u00ed spr\u00e1vy restituovan\u00e9ho lesn\u00edho majetku rodiny Bubna-Litic. Dne\u0161n\u00ed podoba spr\u00e1vy lesa se vyv\u00edj\u00ed od roku [&hellip;]\" \/>\n<meta property=\"og:url\" content=\"http:\/\/lesybubna.cz\/\" \/>\n<meta property=\"og:site_name\" content=\"LesyBubna\" \/>\n<meta property=\"article:modified_time\" content=\"2024-05-03T09:23:03+00:00\" \/>\n<meta name=\"twitter:card\" content=\"summary_large_image\" \/>\n<meta name=\"twitter:label1\" content=\"Odhadovan\u00e1 doba \u010dten\u00ed\" \/>\n\t<meta name=\"twitter:data1\" content=\"2 minuty\" \/>\n<script type=\"application\/ld+json\" class=\"yoast-schema-graph\">{\"@context\":\"https:\/\/schema.org\",\"@graph\":[{\"@type\":\"WebPage\",\"@id\":\"http:\/\/lesybubna.cz\/\",\"url\":\"http:\/\/lesybubna.cz\/\",\"name\":\"Lesn\u00ed spr\u00e1va Bubna, a.s. - LesyBubna\",\"isPartOf\":{\"@id\":\"http:\/\/lesybubna.cz\/#website\"},\"datePublished\":\"2023-07-11T15:46:43+00:00\",\"dateModified\":\"2024-05-03T09:23:03+00:00\",\"breadcrumb\":{\"@id\":\"http:\/\/lesybubna.cz\/#breadcrumb\"},\"inLanguage\":\"cs\",\"potentialAction\":[{\"@type\":\"ReadAction\",\"target\":[\"http:\/\/lesybubna.cz\/\"]}]},{\"@type\":\"BreadcrumbList\",\"@id\":\"http:\/\/lesybubna.cz\/#breadcrumb\",\"itemListElement\":[{\"@type\":\"ListItem\",\"position\":1,\"name\":\"Home\",\"item\":\"http:\/\/lesybubna.cz\/\"},{\"@type\":\"ListItem\",\"position\":2,\"name\":\"Lesn\u00ed spr\u00e1va Bubna, a.s.\"}]},{\"@type\":\"WebSite\",\"@id\":\"http:\/\/lesybubna.cz\/#website\",\"url\":\"http:\/\/lesybubna.cz\/\",\"name\":\"LesyBubna\",\"description\":\"\",\"potentialAction\":[{\"@type\":\"SearchAction\",\"target\":{\"@type\":\"EntryPoint\",\"urlTemplate\":\"http:\/\/lesybubna.cz\/?s={search_term_string}\"},\"query-input\":\"required name=search_term_string\"}],\"inLanguage\":\"cs\"}]}<\/script>\n<!-- \/ Yoast SEO plugin. -->","yoast_head_json":{"title":"Lesn\u00ed spr\u00e1va Bubna, a.s. - LesyBubna","robots":{"index":"index","follow":"follow","max-snippet":"max-snippet:-1","max-image-preview":"max-image-preview:large","max-video-preview":"max-video-preview:-1"},"canonical":"http:\/\/lesybubna.cz\/","og_locale":"cs_CZ","og_type":"article","og_title":"Lesn\u00ed spr\u00e1va Bubna, a.s. - LesyBubna","og_description":"Na\u0161im c\u00edlem je m\u00edt trvale udr\u017eiteln\u00e9 lesn\u00ed hospod\u00e1\u0159stv\u00ed, kter\u00e9 je ekonomicky \u017eivotaschopn\u00e9, ale taky environment\u00e1ln\u011b vhodn\u00e9 a soci\u00e1ln\u011b prosp\u011b\u0161n\u00e9, aby tu les byl jak pro n\u00e1s, tak i pro&nbsp;budouc\u00ed generace. Spole\u010dnost Lesn\u00ed spr\u00e1va Bubna, a.s. byla zalo\u017eena roku 2012 k zaji\u0161t\u011bn\u00ed spr\u00e1vy restituovan\u00e9ho lesn\u00edho majetku rodiny Bubna-Litic. Dne\u0161n\u00ed podoba spr\u00e1vy lesa se vyv\u00edj\u00ed od roku [&hellip;]","og_url":"http:\/\/lesybubna.cz\/","og_site_name":"LesyBubna","article_modified_time":"2024-05-03T09:23:03+00:00","twitter_card":"summary_large_image","twitter_misc":{"Odhadovan\u00e1 doba \u010dten\u00ed":"2 minuty"},"schema":{"@context":"https:\/\/schema.org","@graph":[{"@type":"WebPage","@id":"http:\/\/lesybubna.cz\/","url":"http:\/\/lesybubna.cz\/","name":"Lesn\u00ed spr\u00e1va Bubna, a.s. - LesyBubna","isPartOf":{"@id":"http:\/\/lesybubna.cz\/#website"},"datePublished":"2023-07-11T15:46:43+00:00","dateModified":"2024-05-03T09:23:03+00:00","breadcrumb":{"@id":"http:\/\/lesybubna.cz\/#breadcrumb"},"inLanguage":"cs","potentialAction":[{"@type":"ReadAction","target":["http:\/\/lesybubna.cz\/"]}]},{"@type":"BreadcrumbList","@id":"http:\/\/lesybubna.cz\/#breadcrumb","itemListElement":[{"@type":"ListItem","position":1,"name":"Home","item":"http:\/\/lesybubna.cz\/"},{"@type":"ListItem","position":2,"name":"Lesn\u00ed spr\u00e1va Bubna, a.s."}]},{"@type":"WebSite","@id":"http:\/\/lesybubna.cz\/#website","url":"http:\/\/lesybubna.cz\/","name":"LesyBubna","description":"","potentialAction":[{"@type":"SearchAction","target":{"@type":"EntryPoint","urlTemplate":"http:\/\/lesybubna.cz\/?s={search_term_string}"},"query-input":"required name=search_term_string"}],"inLanguage":"cs"}]}},"_links":{"self":[{"href":"http:\/\/lesybubna.cz\/index.php?rest_route=\/wp\/v2\/pages\/39"}],"collection":[{"href":"http:\/\/lesybubna.cz\/index.php?rest_route=\/wp\/v2\/pages"}],"about":[{"href":"http:\/\/lesybubna.cz\/index.php?rest_route=\/wp\/v2\/types\/page"}],"author":[{"embeddable":true,"href":"http:\/\/lesybubna.cz\/index.php?rest_route=\/wp\/v2\/users\/1"}],"replies":[{"embeddable":true,"href":"http:\/\/lesybubna.cz\/index.php?rest_route=%2Fwp%2Fv2%2Fcomments&post=39"}],"version-history":[{"count":5,"href":"http:\/\/lesybubna.cz\/index.php?rest_route=\/wp\/v2\/pages\/39\/revisions"}],"predecessor-version":[{"id":145,"href":"http:\/\/lesybubna.cz\/index.php?rest_route=\/wp\/v2\/pages\/39\/revisions\/145"}],"wp:attachment":[{"href":"http:\/\/lesybubna.cz\/index.php?rest_route=%2Fwp%2Fv2%2Fmedia&parent=39"}],"curies":[{"name":"wp","href":"https:\/\/api.w.org\/{rel}","templated":true}]}}

Lesní správa Bubna, a.s.

<blockquote class="wp-block-quote is-style-default has-medium-font-size">
<p></p>
<cite>Našim cílem je mít trvale udržitelné lesní hospodářství, které je ekonomicky životaschopné, ale taky environmentálně vhodné a sociálně prospěšné, aby tu les byl jak pro nás, tak i pro&nbsp;budoucí generace.</cite></blockquote>



<p></p>



<p>Společnost Lesní správa Bubna, a.s. byla založena roku 2012 k zajištění správy restituovaného lesního majetku rodiny Bubna-Litic. Dnešní podoba správy lesa se vyvíjí od roku 1993, kdy sourozenci Adam Vít Bubna-Litic a Eleonora Dujková, potomci původních majitelů Mikuláše a Michaela Bubna-Litic, restituovali rodinné majetky v Doudlebách nad Orlicí a na Horním a Dolním Jelení. </p>



<p>Hlavním předmětem činnosti společnosti je správa lesního majetku a s tím spojené činnosti podnikání v lesním hospodářství, dřevařském průmyslu a myslivosti. V současnosti společnost obhospodařuje lesní porosty, kde je v nejvýznamnější míře zastoupen smrk a borovice. Vzhledem k měnícím se klimatickým podmínkám usilujeme dlouhodobě o zvýšení ekologické stability postupnou přeměnou smrkových porostů na porosty s pestřejší druhovou skladbou. Pečlivě vybíráme druh i kvalitu sazenic s respektem k přírodním podmínkám. Včasnou a kvalitní výchovou porostů do 40 let věku spolu s vytvářením systému zadržování vody v krajině, usilujeme o vytvoření odolnějších lesních porostů k zajištění nejen environmentální funkce lesa, ale i trvalé ekonomické prosperity lesního majetku.</p>


<p>O kvalitu lesa i provedených prací se stará kvalifikovaný personál. Správcem<br />lesního majetku je Pavel Rolc a za řádné plnění LHP odpovídá v roli odborného<br />lesního hospodáře Iva Cvrkalová.</p>
<p><!-- /wp:paragraph --><!-- wp:paragraph --></p>
<p><!-- wp:paragraph --></p>
<p>Více o rodině Bubna-Litic naleznete například zde: <a href="https://www.historickaslechta.cz/prehled-rodu/bubna-litic/">https://www.historickaslechta.cz/prehled-rodu/bubna-litic/</a> a <a href="https://www.historickaslechta.cz/audio-video/bubnove-z-litic-na-obrazovce-ct/">https://www.historickaslechta.cz/audio-video/bubnove-z-litic-na-obrazovce-ct/</a>, popřípadě <a href="https://cs.wikipedia.org/wiki/Bubnov%C3%A9_z_Litic">https://cs.wikipedia.org/wiki/Bubnov%C3%A9_z_Litic</a></p>
<p><!-- /wp:paragraph --></p>
<p><!-- wp:paragraph --></p>
<p><!-- /wp:paragraph --></p>

<p>Našim cílem je mít trvale udržitelné lesní hospodářství, které je ekonomicky životaschopné, ale taky environmentálně vhodné a sociálně prospěšné, aby tu les byl jak pro nás, tak i pro&nbsp;budoucí generace. Společnost Lesní správa Bubna, a.s. byla založena roku 2012 k zajištění správy restituovaného lesního majetku rodiny Bubna-Litic. Dnešní podoba správy lesa se vyvíjí od roku [&hellip;]</p>

<!-- This site is optimized with the Yoast SEO plugin v22.0 - https://yoast.com/wordpress/plugins/seo/ -->
<title>Lesní správa Bubna, a.s. - LesyBubna</title>
<meta name="robots" content="index, follow, max-snippet:-1, max-image-preview:large, max-video-preview:-1" />
<link rel="canonical" href="http://lesybubna.cz/" />
<meta property="og:locale" content="cs_CZ" />
<meta property="og:type" content="article" />
<meta property="og:title" content="Lesní správa Bubna, a.s. - LesyBubna" />
<meta property="og:description" content="Našim cílem je mít trvale udržitelné lesní hospodářství, které je ekonomicky životaschopné, ale taky environmentálně vhodné a sociálně prospěšné, aby tu les byl jak pro nás, tak i pro&nbsp;budoucí generace. Společnost Lesní správa Bubna, a.s. byla založena roku 2012 k zajištění správy restituovaného lesního majetku rodiny Bubna-Litic. Dnešní podoba správy lesa se vyvíjí od roku [&hellip;]" />
<meta property="og:url" content="http://lesybubna.cz/" />
<meta property="og:site_name" content="LesyBubna" />
<meta property="article:modified_time" content="2024-05-03T09:23:03+00:00" />
<meta name="twitter:card" content="summary_large_image" />
<meta name="twitter:label1" content="Odhadovaná doba čtení" />
	<meta name="twitter:data1" content="2 minuty" />
<script type="application/ld+json" class="yoast-schema-graph">{"@context":"https://schema.org","@graph":[{"@type":"WebPage","@id":"http://lesybubna.cz/","url":"http://lesybubna.cz/","name":"Lesní správa Bubna, a.s. - LesyBubna","isPartOf":{"@id":"http://lesybubna.cz/#website"},"datePublished":"2023-07-11T15:46:43+00:00","dateModified":"2024-05-03T09:23:03+00:00","breadcrumb":{"@id":"http://lesybubna.cz/#breadcrumb"},"inLanguage":"cs","potentialAction":[{"@type":"ReadAction","target":["http://lesybubna.cz/"]}]},{"@type":"BreadcrumbList","@id":"http://lesybubna.cz/#breadcrumb","itemListElement":[{"@type":"ListItem","position":1,"name":"Home","item":"http://lesybubna.cz/"},{"@type":"ListItem","position":2,"name":"Lesní správa Bubna, a.s."}]},{"@type":"WebSite","@id":"http://lesybubna.cz/#website","url":"http://lesybubna.cz/","name":"LesyBubna","description":"","potentialAction":[{"@type":"SearchAction","target":{"@type":"EntryPoint","urlTemplate":"http://lesybubna.cz/?s={search_term_string}"},"query-input":"required name=search_term_string"}],"inLanguage":"cs"}]}</script>
<!-- / Yoast SEO plugin. -->

Lesní správa Bubna, a.s. - LesyBubna

Našim cílem je mít trvale udržitelné lesní hospodářství, které je ekonomicky životaschopné, ale taky environmentálně vhodné a sociálně prospěšné, aby tu les byl jak pro nás, tak i pro&nbsp;budoucí generace. Společnost Lesní správa Bubna, a.s. byla založena roku 2012 k zajištění správy restituovaného lesního majetku rodiny Bubna-Litic. Dnešní podoba správy lesa se vyvíjí od roku [&hellip;]
